{"id":207,"date":"2016-11-26T22:05:36","date_gmt":"2016-11-26T21:05:36","guid":{"rendered":"http:\/\/osramic.edu.ba\/?page_id=207"},"modified":"2016-12-15T20:32:50","modified_gmt":"2016-12-15T19:32:50","slug":"i-love-reading","status":"publish","type":"page","link":"http:\/\/osramic.edu.ba\/?page_id=207","title":{"rendered":"Projekat \u201eI love reading\u201c"},"content":{"rendered":"<p><strong>Cilj<\/strong> projekta &#8220;I love reading&#8221;je da\u00a0u\u010denici uspje\u0161no komuniciraju (pismeno i usmeno) na engleskom jeziku.<\/p>\n<p><strong>Metode i aktivnosti\u00a0<\/strong>u provo\u0111enju projekta:<\/p>\n<table>\n<tbody>\n<tr>\n<td>Ja\u010danje receptivnih, produktivnih i informati\u010dkih vje\u0161tina kroz \u010ditanje literature na engleskom jeziku, prilago\u0111ene osnovno\u0161kolskom uzrastu.Kontinuirano stru\u010dno usavr\u0161avanje nastavnika.<\/td>\n<\/tr>\n<\/tbody>\n<\/table>\n<p><strong>Neophodni resursi:<\/strong>Roditelji donatori potrebne literature,nastavnik engleskog jezika.<\/p>\n<p><strong>Nadle\u017ena\/odgovorna osoba:<\/strong>Direktor \u0161kole, pedagog, Sabina Piknja\u010d.<\/p>\n<p><img loading=\"lazy\" decoding=\"async\" class=\"alignnone size-medium wp-image-280\" src=\"http:\/\/osramic.edu.ba\/wp-content\/uploads\/2016\/11\/image-0-02-05-5e5eacc182016f7cfb7f993d511ecfc72332c45f22e30842bd6d1320665fd320-V-300x300.jpg\" alt=\"image-0-02-05-5e5eacc182016f7cfb7f993d511ecfc72332c45f22e30842bd6d1320665fd320-v\" width=\"300\" height=\"300\" srcset=\"http:\/\/osramic.edu.ba\/wp-content\/uploads\/2016\/11\/image-0-02-05-5e5eacc182016f7cfb7f993d511ecfc72332c45f22e30842bd6d1320665fd320-V-300x300.jpg 300w, http:\/\/osramic.edu.ba\/wp-content\/uploads\/2016\/11\/image-0-02-05-5e5eacc182016f7cfb7f993d511ecfc72332c45f22e30842bd6d1320665fd320-V-150x150.jpg 150w, http:\/\/osramic.edu.ba\/wp-content\/uploads\/2016\/11\/image-0-02-05-5e5eacc182016f7cfb7f993d511ecfc72332c45f22e30842bd6d1320665fd320-V-768x768.jpg 768w, http:\/\/osramic.edu.ba\/wp-content\/uploads\/2016\/11\/image-0-02-05-5e5eacc182016f7cfb7f993d511ecfc72332c45f22e30842bd6d1320665fd320-V-1024x1024.jpg 1024w, http:\/\/osramic.edu.ba\/wp-content\/uploads\/2016\/11\/image-0-02-05-5e5eacc182016f7cfb7f993d511ecfc72332c45f22e30842bd6d1320665fd320-V.jpg 1280w\" sizes=\"auto, (max-width: 300px) 100vw, 300px\" \/> <img loading=\"lazy\" decoding=\"async\" class=\"alignnone size-medium wp-image-281\" src=\"http:\/\/osramic.edu.ba\/wp-content\/uploads\/2016\/11\/image-0-02-05-2b3dcca1ab9a6b51005c21c20ce33fd429e9ecf7233ff342ddd790939bc265d0-V-300x300.jpg\" alt=\"image-0-02-05-2b3dcca1ab9a6b51005c21c20ce33fd429e9ecf7233ff342ddd790939bc265d0-v\" width=\"300\" height=\"300\" srcset=\"http:\/\/osramic.edu.ba\/wp-content\/uploads\/2016\/11\/image-0-02-05-2b3dcca1ab9a6b51005c21c20ce33fd429e9ecf7233ff342ddd790939bc265d0-V-300x300.jpg 300w, http:\/\/osramic.edu.ba\/wp-content\/uploads\/2016\/11\/image-0-02-05-2b3dcca1ab9a6b51005c21c20ce33fd429e9ecf7233ff342ddd790939bc265d0-V-150x150.jpg 150w, http:\/\/osramic.edu.ba\/wp-content\/uploads\/2016\/11\/image-0-02-05-2b3dcca1ab9a6b51005c21c20ce33fd429e9ecf7233ff342ddd790939bc265d0-V-768x768.jpg 768w, http:\/\/osramic.edu.ba\/wp-content\/uploads\/2016\/11\/image-0-02-05-2b3dcca1ab9a6b51005c21c20ce33fd429e9ecf7233ff342ddd790939bc265d0-V-1024x1024.jpg 1024w, http:\/\/osramic.edu.ba\/wp-content\/uploads\/2016\/11\/image-0-02-05-2b3dcca1ab9a6b51005c21c20ce33fd429e9ecf7233ff342ddd790939bc265d0-V.jpg 1280w\" sizes=\"auto, (max-width: 300px) 100vw, 300px\" \/> <img loading=\"lazy\" decoding=\"async\" class=\"alignnone size-medium wp-image-282\" src=\"http:\/\/osramic.edu.ba\/wp-content\/uploads\/2016\/11\/image-0-02-05-28efb89443167b3a02e1d1690fa54811cdd4c36437bca3b2c1405c0f4debdd7c-V-300x300.jpg\" alt=\"image-0-02-05-28efb89443167b3a02e1d1690fa54811cdd4c36437bca3b2c1405c0f4debdd7c-v\" width=\"300\" height=\"300\" srcset=\"http:\/\/osramic.edu.ba\/wp-content\/uploads\/2016\/11\/image-0-02-05-28efb89443167b3a02e1d1690fa54811cdd4c36437bca3b2c1405c0f4debdd7c-V-300x300.jpg 300w, http:\/\/osramic.edu.ba\/wp-content\/uploads\/2016\/11\/image-0-02-05-28efb89443167b3a02e1d1690fa54811cdd4c36437bca3b2c1405c0f4debdd7c-V-150x150.jpg 150w, http:\/\/osramic.edu.ba\/wp-content\/uploads\/2016\/11\/image-0-02-05-28efb89443167b3a02e1d1690fa54811cdd4c36437bca3b2c1405c0f4debdd7c-V-768x768.jpg 768w, http:\/\/osramic.edu.ba\/wp-content\/uploads\/2016\/11\/image-0-02-05-28efb89443167b3a02e1d1690fa54811cdd4c36437bca3b2c1405c0f4debdd7c-V-1024x1024.jpg 1024w, http:\/\/osramic.edu.ba\/wp-content\/uploads\/2016\/11\/image-0-02-05-28efb89443167b3a02e1d1690fa54811cdd4c36437bca3b2c1405c0f4debdd7c-V.jpg 1280w\" sizes=\"auto, (max-width: 300px) 100vw, 300px\" \/> <img loading=\"lazy\" decoding=\"async\" class=\"alignnone size-medium wp-image-283\" src=\"http:\/\/osramic.edu.ba\/wp-content\/uploads\/2016\/11\/image-0-02-05-fe3be16eecb5b11ce06041e0b62f41df722bdf39f1e5fcf9fb6fbb4661481c09-V-300x300.jpg\" alt=\"image-0-02-05-fe3be16eecb5b11ce06041e0b62f41df722bdf39f1e5fcf9fb6fbb4661481c09-v\" width=\"300\" height=\"300\" srcset=\"http:\/\/osramic.edu.ba\/wp-content\/uploads\/2016\/11\/image-0-02-05-fe3be16eecb5b11ce06041e0b62f41df722bdf39f1e5fcf9fb6fbb4661481c09-V-300x300.jpg 300w, http:\/\/osramic.edu.ba\/wp-content\/uploads\/2016\/11\/image-0-02-05-fe3be16eecb5b11ce06041e0b62f41df722bdf39f1e5fcf9fb6fbb4661481c09-V-150x150.jpg 150w, http:\/\/osramic.edu.ba\/wp-content\/uploads\/2016\/11\/image-0-02-05-fe3be16eecb5b11ce06041e0b62f41df722bdf39f1e5fcf9fb6fbb4661481c09-V-768x768.jpg 768w, http:\/\/osramic.edu.ba\/wp-content\/uploads\/2016\/11\/image-0-02-05-fe3be16eecb5b11ce06041e0b62f41df722bdf39f1e5fcf9fb6fbb4661481c09-V-1024x1024.jpg 1024w, http:\/\/osramic.edu.ba\/wp-content\/uploads\/2016\/11\/image-0-02-05-fe3be16eecb5b11ce06041e0b62f41df722bdf39f1e5fcf9fb6fbb4661481c09-V.jpg 1280w\" sizes=\"auto, (max-width: 300px) 100vw, 300px\" \/><\/p>\n","protected":false},"excerpt":{"rendered":"<p>Cilj projekta &#8220;I love reading&#8221;je da\u00a0u\u010denici uspje\u0161no komuniciraju (pismeno i usmeno) na engleskom jeziku. Metode i aktivnosti\u00a0u provo\u0111enju projekta: Ja\u010danje receptivnih, produktivnih i informati\u010dkih vje\u0161tina kroz \u010ditanje literature na engleskom jeziku, prilago\u0111ene osnovno\u0161kolskom uzrastu.Kontinuirano stru\u010dno usavr\u0161avanje nastavnika. Neophodni resursi:Roditelji donatori potrebne literature,nastavnik engleskog jezika. Nadle\u017ena\/odgovorna osoba:Direktor \u0161kole, pedagog, Sabina Piknja\u010d.<\/p>\n","protected":false},"author":1,"featured_media":279,"parent":0,"menu_order":0,"comment_status":"closed","ping_status":"closed","template":"","meta":{"footnotes":""},"class_list":["post-207","page","type-page","status-publish","has-post-thumbnail","hentry"],"_links":{"self":[{"href":"http:\/\/osramic.edu.ba\/index.php?rest_route=\/wp\/v2\/pages\/207","targetHints":{"allow":["GET"]}}],"collection":[{"href":"http:\/\/osramic.edu.ba\/index.php?rest_route=\/wp\/v2\/pages"}],"about":[{"href":"http:\/\/osramic.edu.ba\/index.php?rest_route=\/wp\/v2\/types\/page"}],"author":[{"embeddable":true,"href":"http:\/\/osramic.edu.ba\/index.php?rest_route=\/wp\/v2\/users\/1"}],"replies":[{"embeddable":true,"href":"http:\/\/osramic.edu.ba\/index.php?rest_route=%2Fwp%2Fv2%2Fcomments&post=207"}],"version-history":[{"count":5,"href":"http:\/\/osramic.edu.ba\/index.php?rest_route=\/wp\/v2\/pages\/207\/revisions"}],"predecessor-version":[{"id":284,"href":"http:\/\/osramic.edu.ba\/index.php?rest_route=\/wp\/v2\/pages\/207\/revisions\/284"}],"wp:featuredmedia":[{"embeddable":true,"href":"http:\/\/osramic.edu.ba\/index.php?rest_route=\/wp\/v2\/media\/279"}],"wp:attachment":[{"href":"http:\/\/osramic.edu.ba\/index.php?rest_route=%2Fwp%2Fv2%2Fmedia&parent=207"}],"curies":[{"name":"wp","href":"https:\/\/api.w.org\/{rel}","templated":true}]}}