{"id":495,"date":"2017-03-18T09:41:18","date_gmt":"2017-03-18T08:41:18","guid":{"rendered":"http:\/\/osramic.edu.ba\/?page_id=495"},"modified":"2017-03-18T09:41:18","modified_gmt":"2017-03-18T08:41:18","slug":"javne-nabavke","status":"publish","type":"page","link":"http:\/\/osramic.edu.ba\/?page_id=495","title":{"rendered":"JAVNE NABAVKE"},"content":{"rendered":"<p style=\"text-align: left;\">\u00a0 \u00a0 \u00a0 \u00a0 \u00a0 \u00a0 \u00a0 \u00a0 \u00a0 \u00a0 \u00a0 \u00a0 \u00a0 \u00a0 \u00a0 \u00a0 \u00a0 \u00a0 \u00a0 \u00a0 \u00a0 \u00a0 \u00a0 \u00a0 \u00a0 \u00a0 \u00a0 \u00a0 \u00a0 \u00a0 \u00a0 \u00a0 \u00a0 PLAN JAVNIH NABAVKI ZA 2017. GODINU<\/p>\n<p style=\"text-align: left;\">\u00a0 \u00a0 \u00a0 \u00a0 \u00a0 \u00a0 \u00a0 \u00a0 \u00a0 \u00a0 \u00a0 \u00a0 \u00a0 \u00a0 \u00a0 \u00a0 \u00a0 \u00a0 \u00a0 \u00a0 \u00a0 \u00a0 \u00a0 \u00a0 \u00a0 \u00a0 \u00a0 \u00a0 \u00a0 \u00a0 \u00a0 \u00a0 \u00a0 \u00a0 \u00a0 \u00a0 \u00a0 \u00a0 \u00a0 \u00a0 \u00a0 \u00a0 \u00a0JU O\u0160 &#8220;Porodice ef. Rami\u0107&#8221;<\/p>\n<p style=\"text-align: left;\">\n<p><strong>\u00a0<\/strong><\/p>\n<p>Na osnovu \u010dlana 17.stav (2) Zakona o javnim nabavkama BiH, (Sl. Glasnik BiH, br. 39\/14), \u010dlana __ pravila JU O\u0160 \u201ePorodice ef.Rami\u0107\u201cSemizovac i Odlukom o usvajanju Bud\u017eeta KS za 2017. Godinu.<\/p>\n<p>&nbsp;<\/p>\n<p>&nbsp;<\/p>\n<p><strong>PLAN NABAVKI ZA 2017. GODINU<\/strong><\/p>\n<p>&nbsp;<\/p>\n<p><strong>I<\/strong><\/p>\n<p>&nbsp;<\/p>\n<p>Plan nabavki u JU O\u0160 \u201ePorodice ef.Rami\u0107\u201cSemizovac (u daljem tekstu plan) sa\u010dinjen je na osnovu Odluke o usvajanju Bud\u017eeta za 2017. godinu koju je donijela Skup\u0161tina Kantona Sarajevo 29.12.2016. godine, te finansjskog plana u iznosu od 1.017.100.00 KM<\/p>\n<p>&nbsp;<\/p>\n<p><strong>II<\/strong><\/p>\n<p>&nbsp;<\/p>\n<p>Provo\u0111enjem postupka javnih nabavki \u0107e se osigurati:<\/p>\n<ol>\n<li>Najefikasniji na\u010din kori\u0161tenja javnih sredstava s obzirom na svrhu i predmet javne nabavke<\/li>\n<li>Izvr\u0161enje nabavke i dodjeljivanje ugovora o javnoj nabavci u skladu sa postupcima utvr\u0111enih Zakonom o javnim nabavkama<\/li>\n<li>Poduzimanje svih potrebnih mjera kako bi se osigurala pravi\u010dna i aktivna konkurencija me\u0111u potencijalnim dobavlja\u010dima uz ostvarenje jednakog tretmana, nediskriminacije i transparentnosti.<\/li>\n<\/ol>\n<p>&nbsp;<\/p>\n<p><strong>III<\/strong><\/p>\n<p>&nbsp;<\/p>\n<p>Zakonski osnov je:<\/p>\n<ul>\n<li>Zakon o javnim nabavkama (Sl.glasnik BiH br. 39\/14),<\/li>\n<li>Uputstvo o uslovima i na\u010dinu objavljivanja obavje\u0161tenja i dostavljanja izvje\u0161taja u postupcima javnih nabavki u Informacionom sistemu \u201cE-nabavke\u201d (\u201cSlu\u017ebeni glasnik BiH\u201d broj: 90\/14),<\/li>\n<li>Uputstvo za pripremu modela tenderske dokumentacije i ponuda (\u201cSlu\u017ebeni glasnik BiH\u201d broj: 90\/14),<\/li>\n<li>Uputstvo o na\u010dinu vo\u0111enja zapisnika o otvaranju ponuda i Zapisnik o otvaranju ponuda (\u201cSlu\u017ebeni glasnik BiH\u201d broj: 90\/14),<\/li>\n<li>Pravilnik o formi garancije za ozbiljnost ponude i izvr\u0161enje ugovora (\u201cSlu\u017ebeni glasnik BiH\u201d broj: 90\/14).<\/li>\n<li>Pravilnik o direktnom sporazumu \u0161kole<\/li>\n<\/ul>\n<p>&nbsp;<\/p>\n<p>&nbsp;<\/p>\n<p>&nbsp;<\/p>\n<p><strong>IV<\/strong><\/p>\n<p>&nbsp;<\/p>\n<p>Nabavke na koje se ne primjenjuje Zakon o javnim nabavkama:<\/p>\n<p>&nbsp;<\/p>\n<p>&nbsp;<\/p>\n<table>\n<tbody>\n<tr>\n<td width=\"47\"><strong>R\/B<\/strong><\/td>\n<td width=\"189\"><strong>Predmet nabavke<\/strong><\/td>\n<td width=\"113\"><strong>Procjenjena vrijednost KM sa PDV-om<\/strong><\/td>\n<td width=\"123\"><strong>Osnov izuze\u0107a od primjene ZJN BiH<\/strong><\/td>\n<td width=\"132\"><strong>Pozicija u finansijskom planu (konto)<\/strong><\/td>\n<td width=\"123\"><strong>Iznos na kontu KM sa PDV-om<\/strong><\/td>\n<td width=\"113\"><strong>Izvor finansiranja<\/strong><\/td>\n<\/tr>\n<tr>\n<td width=\"47\">1.<\/td>\n<td width=\"189\">Elektri\u010dna energija<\/td>\n<td width=\"113\">10.000,00<\/td>\n<td width=\"123\">\u010clan 10. ZJN<\/td>\n<td width=\"132\">613200<\/td>\n<td width=\"123\">6.000,00<\/td>\n<td width=\"113\">Budzet KS<\/td>\n<\/tr>\n<tr>\n<td width=\"47\">2.<\/td>\n<td width=\"189\">Plin<\/td>\n<td width=\"113\">36.000,00<\/td>\n<td width=\"123\">\u010clan 10. ZJN<\/td>\n<td width=\"132\">613200<\/td>\n<td width=\"123\">16.000,00<\/td>\n<td width=\"113\">Budzet KS<\/td>\n<\/tr>\n<tr>\n<td width=\"47\">3.<\/td>\n<td width=\"189\">Voda i kanalizacija<\/td>\n<td width=\"113\">1.560,00<\/td>\n<td width=\"123\">\u010clan 10. ZJN<\/td>\n<td width=\"132\">613300<\/td>\n<td width=\"123\">1.320,00<\/td>\n<td width=\"113\">Budzet KS<\/td>\n<\/tr>\n<tr>\n<td width=\"47\">4.<\/td>\n<td width=\"189\">Odvoz sme\u0107a<\/td>\n<td width=\"113\">1.970,00<\/td>\n<td width=\"123\">\u010clan 10. ZJN<\/td>\n<td width=\"132\">613300<\/td>\n<td width=\"123\">1.680,00<\/td>\n<td width=\"113\">Budzet KS<\/td>\n<\/tr>\n<tr>\n<td width=\"47\">5.<\/td>\n<td width=\"189\">Usluge dostave po\u0161te<\/td>\n<td width=\"113\">500,00<\/td>\n<td width=\"123\">\u010clan 10. ZJN<\/td>\n<td width=\"132\">613300<\/td>\n<td width=\"123\">200,00<\/td>\n<td width=\"113\">Budzet KS<\/td>\n<\/tr>\n<tr>\n<td width=\"47\">6.<\/td>\n<td width=\"189\">Izdaci za telefoniju<\/td>\n<td width=\"113\">5.000,00<\/td>\n<td width=\"123\">\u010clan 10. ZJN<\/td>\n<td width=\"132\">613300<\/td>\n<td width=\"123\">2 200,00<\/td>\n<td width=\"113\">Budzet KS<\/td>\n<\/tr>\n<tr>\n<td width=\"47\">7.<\/td>\n<td width=\"189\">Izdaci za internet<\/td>\n<td width=\"113\">600,00<\/td>\n<td width=\"123\">\u010clan 10. ZJN<\/td>\n<td width=\"132\">613300<\/td>\n<td width=\"123\">400,00<\/td>\n<td width=\"113\">Budzet KS<\/td>\n<\/tr>\n<tr>\n<td width=\"47\">8.<\/td>\n<td width=\"189\">Pretplata na stru\u010dnu literaturu<\/td>\n<td width=\"113\">500,00<\/td>\n<td width=\"123\">\u010clan 10. ZJN<\/td>\n<td width=\"132\">613900<\/td>\n<td width=\"123\">300,00<\/td>\n<td width=\"113\">Budzet KS<\/td>\n<\/tr>\n<tr>\n<td width=\"47\">9.<\/td>\n<td width=\"189\">AFIP Sarajevo<\/td>\n<td width=\"113\">100,00<\/td>\n<td width=\"123\">\u010clan 10. ZJN<\/td>\n<td width=\"132\">613900<\/td>\n<td width=\"123\">100,00<\/td>\n<td width=\"113\">Budzet KS<\/td>\n<\/tr>\n<\/tbody>\n<\/table>\n<p>&nbsp;<\/p>\n<p>Plan se sastoji od tekstualnoi i tabelarnog djela. Tabelarni dio je podjeljen u tri segmenta, robe i usluge i radove.<\/p>\n<p>&nbsp;<\/p>\n<p><strong>V<\/strong><\/p>\n<p>&nbsp;<\/p>\n<p>Plan je okvirni dokument koji se mo\u017ee mjenjati ili dopunjavati u toku godine, na isti na\u010din na koji je donijet.<\/p>\n<p>&nbsp;<\/p>\n<p><strong>VI<\/strong><\/p>\n<p>&nbsp;<\/p>\n<p>Plan se primjenjuje za 2017. godinu.<\/p>\n<p>&nbsp;<\/p>\n<p>&nbsp;<\/p>\n<p>&nbsp;<\/p>\n<p>&nbsp;<\/p>\n<p>&nbsp;<\/p>\n<p>&nbsp;<\/p>\n<p>&nbsp;<\/p>\n<p><strong>OBRAZLO\u017dENJE<\/strong><\/p>\n<p>&nbsp;<\/p>\n<p>\u010clanom 17. Zakona o javnim nabavkama BiH, a u vezi sa Listom ugovornih organa, po kategorijama, koji su obavezni primjenjivati Zakon o javnim nabavkama BiH, \u0161kola je u obavezi da postupke javne nabavke roba, usluga i radova provodi u skladu sa citiranim Zakonom.<\/p>\n<p>Plan javnih nabavki definisan je u skladu sa Odlukom o usvajanju Bud\u017eeta KS za 2017. godinu, te imaju\u0107i u vidu iznos sredstava namjenjenih za javne nabavke roba, usluga i radova u 2017.godini, te zakonom utvr\u0111ene vrijednosne razrede, u provo\u0111enju postupaka javnih nabavki primjenjivat \u0107e se u cijelosti Zakon o javnim nabavkama i podzakonske akte, o \u010demu pojedina\u010dne odluke o pokretanju postupka svake konkretne nabavke donosi \u0160kolski odbor\/direktor Javne ustanove Osnovna \u0161kola O.\u0160.\u201cPorodice ef.Rami\u0107\u201c Semizovac \u00a0svako u okviru svojih ovla\u0161tenja u skladu sa Pravilima Javne ustanove Osnovna \u0161kola \u201eO.\u0160.\u201cPorodice ef.Rami\u0107\u201c Semizovac Kompletna dokumentacija o provedenim postupcima javnih nabavki: zaklju\u010deni ugovori o nabavci, zahtjevi, ponude, tenderska dokumentacija i dokumenti koji se odnose na ispitivanje i ocjenjivanje zahtjeva i ponuda, kao i drugi dokumenti u vezi s nabavkom \u010duvaju se u arhivi Javne ustanove Osnovna \u0161kola\u201cPorodice ef.Rami\u0107\u201c Semizovac\u00a0\u00a0 u Semizovcu Imaju\u0107i u vidu navedeno odlu\u010deno je kao u izreci.<\/p>\n<p>&nbsp;<\/p>\n<p>&nbsp;<\/p>\n<p>Prilog: Plan javnih nabavki za 2017. godinu.<\/p>\n<p>&nbsp;<\/p>\n<p>&nbsp;<\/p>\n<p>Broj: 02\/1323<\/p>\n<p>Datum: 10.02.2017\u00a0\u00a0\u00a0\u00a0\u00a0\u00a0\u00a0\u00a0\u00a0\u00a0\u00a0\u00a0 2017.godine<\/p>\n<p>&nbsp;<\/p>\n<p>&nbsp;<\/p>\n<p>&nbsp;<\/p>\n<p>Direktor \u0161kole<\/p>\n<p>&nbsp;<\/p>\n<p>________________________________<\/p>\n<p>&nbsp;<\/p>\n<p>Pa\u010dariz \u0160emso<\/p>\n<p>&nbsp;<\/p>\n<p>&nbsp;<\/p>\n<p>&nbsp;<\/p>\n<p>&nbsp;<\/p>\n<p>&nbsp;<\/p>\n<p><strong>PLAN<\/strong> <strong>NABAVKI<\/strong> <strong>ZA<\/strong><strong> 2017. <\/strong><strong>GODINU<\/strong><\/p>\n<p><strong>JAVNA<\/strong> <strong>USTANOVA<\/strong> <strong>OSNOVNA<\/strong><strong> \u0160<\/strong><strong>KOLA<\/strong><strong> O.\u0160.\u201cPorodice ef.Rami\u0107\u201c Semizovac<\/strong><\/p>\n<table width=\"976\">\n<tbody>\n<tr>\n<td width=\"31\"><strong>r\/b<\/strong><\/td>\n<td width=\"113\"><strong>Predmet nabavke<\/strong><\/td>\n<td width=\"104\"><strong>\u0160ifra JRJN<\/strong><\/td>\n<td width=\"85\"><strong>Ekonomski kod<\/strong><\/td>\n<td width=\"85\"><strong>Procjenjena vrijednost<\/strong><\/td>\n<td width=\"104\"><strong>Vrsta postupka<\/strong><\/td>\n<td width=\"121\"><strong>Okvirni period pokretanja postupka<\/strong><\/td>\n<td width=\"106\"><strong>Okvirni period zaklju\u010denja ugovora<\/strong><\/td>\n<td width=\"113\"><strong>Izvor finansiranja<\/strong><\/td>\n<td width=\"113\"><strong>Organ nadle\u017ean za pokretanje postupka<\/strong><\/td>\n<\/tr>\n<tr>\n<td width=\"31\"><strong>\u00a0<\/strong><\/td>\n<td colspan=\"9\" width=\"945\"><strong>ROBE<\/strong><\/td>\n<\/tr>\n<tr>\n<td width=\"31\">1.<\/td>\n<td width=\"113\">Kancelarijski materijal<\/td>\n<td width=\"104\">30192000-1<\/td>\n<td width=\"85\">613400<\/td>\n<td width=\"85\">2.000,00<\/td>\n<td width=\"104\">Direktni sporazum<\/td>\n<td width=\"121\">I kvartal<\/td>\n<td width=\"106\">1 godina<\/td>\n<td width=\"113\">Budzet KS<\/td>\n<td width=\"113\">Direktor \u0161kole<\/td>\n<\/tr>\n<tr>\n<td width=\"31\">2.<\/td>\n<td width=\"113\">Mati\u010dne knjige i ostali obrasci<\/td>\n<td width=\"104\">22822000-8<\/td>\n<td width=\"85\">613400<\/td>\n<td width=\"85\">200,00<\/td>\n<td width=\"104\">Direktni sporazum<\/td>\n<td width=\"121\">III kvartal<\/td>\n<td width=\"106\">Septembar 2017.<\/td>\n<td width=\"113\">Budzet KS<\/td>\n<td width=\"113\">Direktor \u0161kole<\/td>\n<\/tr>\n<tr>\n<td width=\"31\">3.<\/td>\n<td width=\"113\">Materijal za \u010di\u0161\u0107enje<\/td>\n<td width=\"104\">39830000-9<\/td>\n<td width=\"85\">613400<\/td>\n<td width=\"85\">2.000,00<\/td>\n<td width=\"104\">Direktni sporazum<\/td>\n<td width=\"121\">I kvartal<\/td>\n<td width=\"106\">1 godina<\/td>\n<td width=\"113\">Budzet KS<\/td>\n<td width=\"113\">Direktor \u0161kole<\/td>\n<\/tr>\n<tr>\n<td width=\"31\">4.<\/td>\n<td width=\"113\">Izdaci za odje\u0107u i uniforme<\/td>\n<td width=\"104\">181000000-0<\/td>\n<td width=\"85\">613400<\/td>\n<td width=\"85\">200,00<\/td>\n<td width=\"104\">Direktni sporazum<\/td>\n<td width=\"121\">Prema potrebama \u0161kole<\/td>\n<td width=\"106\">1 godina<\/td>\n<td width=\"113\">Budzet KS<\/td>\n<td width=\"113\">Direktor \u0161kole<\/td>\n<\/tr>\n<tr>\n<td width=\"31\">5.<\/td>\n<td width=\"113\">Kompjuterski materijal<\/td>\n<td width=\"104\">30100000-0<\/td>\n<td width=\"85\">613400<\/td>\n<td width=\"85\">\u00a0\u00a0 200,00<\/td>\n<td width=\"104\">Direktni sporazum<\/td>\n<td width=\"121\">Prema potrebama \u0161kole<\/td>\n<td width=\"106\">1 godina<\/td>\n<td width=\"113\">Budzet KS<\/td>\n<td width=\"113\">Direktor \u0161kole<\/td>\n<\/tr>\n<tr>\n<td width=\"31\">6.<\/td>\n<td width=\"113\">Izdaci za polj.mat.<\/td>\n<td width=\"104\">03110000-5<\/td>\n<td width=\"85\">613400<\/td>\n<td width=\"85\">200,00<\/td>\n<td width=\"104\">Direktni sporazum<\/td>\n<td width=\"121\">Prema potrebama \u0161kole<\/td>\n<td width=\"106\">1 godina<\/td>\n<td width=\"113\">Budzet KS<\/td>\n<td width=\"113\">Direktor \u0161kole<\/td>\n<\/tr>\n<tr>\n<td width=\"31\">7.<\/td>\n<td width=\"113\">Obrazovna pomagala Nastavna pomagala manje vrijednosti<\/td>\n<td width=\"104\">39162200-7<\/td>\n<td width=\"85\">613400<\/td>\n<td width=\"85\">300,00<\/td>\n<td width=\"104\">Direktni sporazum<\/td>\n<td width=\"121\">Prema potrebama \u0161kole<\/td>\n<td width=\"106\">1 godina<\/td>\n<td width=\"113\">Budzet KS<\/td>\n<td width=\"113\">Direktor \u0161kole<\/td>\n<\/tr>\n<tr>\n<td width=\"31\">8.<\/td>\n<td width=\"113\">Sitan inventar<\/td>\n<td width=\"104\">30190000-7<\/td>\n<td width=\"85\">613400<\/td>\n<td width=\"85\">400,00<\/td>\n<td width=\"104\">Direktni sporazum<\/td>\n<td width=\"121\">Prema potrebama \u0161kole<\/td>\n<td width=\"106\">1 godina<\/td>\n<td width=\"113\">Budzet KS<\/td>\n<td width=\"113\">Direktor \u0161kole<\/td>\n<\/tr>\n<tr>\n<td width=\"31\">9.<\/td>\n<td width=\"113\">Materijal za prvu pomo\u0107<\/td>\n<td width=\"104\">33140000-3<\/td>\n<td width=\"85\">613400<\/td>\n<td width=\"85\">100,00<\/td>\n<td width=\"104\">Direktni sporazum<\/td>\n<td width=\"121\">Prema potrebama \u0161kole<\/td>\n<td width=\"106\">1 godina<\/td>\n<td width=\"113\">Budzet KS<\/td>\n<td width=\"113\">Direktor \u0161kole<\/td>\n<\/tr>\n<tr>\n<td width=\"31\">10.<\/td>\n<td width=\"113\">Toner za fotokopirne ma\u0161ine<\/td>\n<td width=\"104\">30125120-8<\/td>\n<td width=\"85\">613400<\/td>\n<td width=\"85\">800,00<\/p>\n<p>&nbsp;<\/td>\n<td width=\"104\">Direktni sporazum<\/td>\n<td width=\"121\">Prema potrebama \u0161kole<\/td>\n<td width=\"106\">1 godina<\/td>\n<td width=\"113\">Budzet KS<\/td>\n<td width=\"113\">Direktor \u0161kole<\/td>\n<\/tr>\n<tr>\n<td width=\"31\">&nbsp;<\/td>\n<td width=\"113\">&nbsp;<\/td>\n<td width=\"104\">&nbsp;<\/td>\n<td width=\"85\">&nbsp;<\/td>\n<td width=\"85\">&nbsp;<\/td>\n<td width=\"104\">&nbsp;<\/td>\n<td width=\"121\">&nbsp;<\/td>\n<td width=\"106\">&nbsp;<\/td>\n<td width=\"113\">&nbsp;<\/td>\n<td width=\"113\">&nbsp;<\/td>\n<\/tr>\n<tr>\n<td width=\"31\">11.<\/td>\n<td width=\"113\">Izdaci za gorivo<\/td>\n<td width=\"104\">09200000-1<\/td>\n<td width=\"85\">613500<\/td>\n<td width=\"85\">100,00<\/td>\n<td width=\"104\">Direktni sporazum<\/td>\n<td width=\"121\">Prema potrebama \u0161kole<\/td>\n<td width=\"106\">1 godina<\/td>\n<td width=\"113\">Budzet KS<\/td>\n<td width=\"113\">Direktor \u0161kole<\/td>\n<\/tr>\n<tr>\n<td width=\"31\">12<\/td>\n<td width=\"113\">Materijal za odr\u017eavanje objekta i opreme<\/td>\n<td width=\"104\">44000000-0<\/td>\n<td width=\"85\">613700<\/td>\n<td width=\"85\">1000,00<\/td>\n<td width=\"104\">Direktni sporazum<\/td>\n<td width=\"121\">Prema potrebama \u0161kole<\/td>\n<td width=\"106\">1 godina<\/td>\n<td width=\"113\">Budzet KS<\/td>\n<td width=\"113\">Direktor \u0161kole<\/td>\n<\/tr>\n<\/tbody>\n<\/table>\n<p>&nbsp;<\/p>\n<p>&nbsp;<\/p>\n<p>&nbsp;<\/p>\n<table width=\"976\">\n<tbody>\n<tr>\n<td width=\"31\"><strong>r\/b<\/strong><\/td>\n<td width=\"113\"><strong>Predmet nabavke<\/strong><\/td>\n<td width=\"104\"><strong>\u0160ifra JRJN<\/strong><\/td>\n<td width=\"85\"><strong>Ekonomski kod<\/strong><\/td>\n<td width=\"85\"><strong>Procjenjena vrijednost<\/strong><\/td>\n<td width=\"104\"><strong>Vrsta postupka<\/strong><\/td>\n<td width=\"123\"><strong>Okvirni period pokretanja postupka<\/strong><\/td>\n<td width=\"104\"><strong>Okvirni period zaklju\u010denja ugovora<\/strong><\/td>\n<td width=\"113\"><strong>Izvor finansiranja<\/strong><\/td>\n<td width=\"113\"><strong>Organ nadle\u017ean za pokretanje postupka<\/strong><\/td>\n<\/tr>\n<tr>\n<td width=\"31\"><strong>\u00a0<\/strong><\/td>\n<td colspan=\"9\" width=\"945\"><strong>USLUGE<\/strong><\/td>\n<\/tr>\n<tr>\n<td width=\"31\">1.<\/td>\n<td width=\"113\">Usluge deratizacije, dezinfekcije i dezinsekcije<\/td>\n<td width=\"104\">90921000-9<\/td>\n<td width=\"85\">613300<\/td>\n<td width=\"85\">1.570,00<\/td>\n<td width=\"104\">Direktni sporazum<\/td>\n<td width=\"123\">I kvartal<\/td>\n<td width=\"104\">Do 31.03.17.<\/td>\n<td width=\"113\">Budzet KS<\/td>\n<td width=\"113\">Direktor \u0161kole<\/td>\n<\/tr>\n<tr>\n<td width=\"31\">2.<\/td>\n<td width=\"113\">Usluge osiguranja zaposlenih<\/td>\n<td width=\"104\">66510000-8<\/td>\n<td width=\"85\">613800<\/td>\n<td width=\"85\">1.500,00<\/p>\n<p>&nbsp;<\/td>\n<td width=\"104\">Direktni sporazum<\/td>\n<td width=\"123\">III kvartal<\/td>\n<td width=\"104\">&nbsp;<\/td>\n<td width=\"113\">Budzet KS<\/td>\n<td width=\"113\">Direktor \u0161kole<\/td>\n<\/tr>\n<tr>\n<td width=\"31\">3.<\/td>\n<td width=\"113\">Usluge obavljanja obaveznog sistematskog pregleda<\/td>\n<td width=\"104\">85140000-2<\/td>\n<td width=\"85\">613900<\/td>\n<td width=\"85\">650.00<\/td>\n<td width=\"104\">Direktni sporazum<\/td>\n<td width=\"123\">III kvartal<\/td>\n<td width=\"104\">Do 31.08.17.<\/td>\n<td width=\"113\">Budzet KS<\/td>\n<td width=\"113\">Direktor \u0161kole<\/td>\n<\/tr>\n<tr>\n<td width=\"31\">4.<\/td>\n<td width=\"113\">\u00a0Usluge servisa vatrogasnih aparata<\/td>\n<td width=\"104\">50413200-5<\/td>\n<td width=\"85\">613700<\/td>\n<td width=\"85\">2.000,00<\/td>\n<td width=\"104\">Direktni sporazum<\/td>\n<td width=\"123\">I kvartal<\/td>\n<td width=\"104\">Do 31.03.17.<\/td>\n<td width=\"113\">Budzet KS<\/td>\n<td width=\"113\">Direktor \u0161kole<\/td>\n<\/tr>\n<tr>\n<td width=\"31\">5.<\/td>\n<td width=\"113\">Usluga servisa kotlovnice<\/td>\n<td width=\"104\">50413100-4<\/td>\n<td width=\"85\">613700<\/td>\n<td width=\"85\">700,00<\/td>\n<td width=\"104\">Direktni sporazum<\/td>\n<td width=\"123\">II kvartal<\/td>\n<td width=\"104\">Do 30.06.17.<\/td>\n<td width=\"113\">Budzet KS<\/td>\n<td width=\"113\">Direktor \u0161kole<\/td>\n<\/tr>\n<tr>\n<td width=\"31\">6.<\/td>\n<td width=\"113\">Usluga odr\u017eavanja opreme<\/td>\n<td width=\"104\">50324000-2<\/td>\n<td width=\"85\">613700<\/td>\n<td width=\"85\">300,00<\/td>\n<td width=\"104\">Direktni sporazum<\/td>\n<td width=\"123\">Prema potrebama \u0161kole<\/td>\n<td width=\"104\">1 godina<\/td>\n<td width=\"113\">Budzet KS<\/td>\n<td width=\"113\">Direktor \u0161kole<\/td>\n<\/tr>\n<tr>\n<td width=\"31\">7.<\/td>\n<td width=\"113\">Usluge ogla\u0161avanja<\/td>\n<td width=\"104\">79341000-6<\/td>\n<td width=\"85\">613900<\/td>\n<td width=\"85\">700,00<\/td>\n<td width=\"104\">Direktni sporazum<\/td>\n<td width=\"123\">Prema potrebama \u0161kole<\/td>\n<td width=\"104\">1 godina<\/td>\n<td width=\"113\">Budzet KS<\/td>\n<td width=\"113\">Direktor \u0161kole<\/td>\n<\/tr>\n<tr>\n<td width=\"31\">8.<\/td>\n<td width=\"113\">Usluge \u0161tampanja<\/td>\n<td width=\"104\">79521000-2<\/td>\n<td width=\"85\">613900<\/td>\n<td width=\"85\">200,00<\/td>\n<td width=\"104\">Direktni sporazum<\/td>\n<td width=\"123\">Prema potrebama \u0161kole<\/td>\n<td width=\"104\">1 godina<\/td>\n<td width=\"113\">Budzet KS<\/td>\n<td width=\"113\">Direktor \u0161kole<\/td>\n<\/tr>\n<tr>\n<td width=\"31\">9.<\/td>\n<td width=\"113\">Usluge reprezentacije<\/td>\n<td width=\"104\">79990000-0<\/td>\n<td width=\"85\">613900<\/td>\n<td width=\"85\">700,00<\/td>\n<td width=\"104\">Direktni sporazum<\/td>\n<td width=\"123\">Prema potrebama \u0161kole<\/td>\n<td width=\"104\">1 godina<\/td>\n<td width=\"113\">Budzet KS<\/td>\n<td width=\"113\">Direktor \u0161kole<\/td>\n<\/tr>\n<tr>\n<td width=\"31\">10<\/td>\n<td width=\"113\">Usluge stru\u010dnog obrazovanja<\/td>\n<td width=\"104\">80522000-9<\/td>\n<td width=\"85\">613900<\/td>\n<td width=\"85\">1.650,00<\/td>\n<td width=\"104\">Direktni sporazum<\/td>\n<td width=\"123\">Prema potrebama \u0161kole<\/td>\n<td width=\"104\">1 godina<\/td>\n<td width=\"113\">Budzet KS<\/td>\n<td width=\"113\">Direktor \u0161kole<\/td>\n<\/tr>\n<tr>\n<td width=\"31\">11<\/td>\n<td width=\"113\">Ostale nespomenute usluge<\/td>\n<td width=\"104\">98390000-3<\/td>\n<td width=\"85\">613900<\/td>\n<td width=\"85\">2.000,00<\/td>\n<td width=\"104\">Direktni sporazum<\/td>\n<td width=\"123\">Prema potrebama \u0161kole<\/td>\n<td width=\"104\">1 godina<\/td>\n<td width=\"113\">Budzet KS<\/td>\n<td width=\"113\">Direktor \u0161kole<\/td>\n<\/tr>\n<tr>\n<td width=\"31\">12<\/td>\n<td width=\"113\">Usluge organizovanja \u0111a\u010dke ekskurzije<\/td>\n<td width=\"104\">63516000-9<\/td>\n<td width=\"85\">613900<\/td>\n<td width=\"85\">700,00<\/td>\n<td width=\"104\">Direktni sporazum<\/td>\n<td width=\"123\">II kvartal<\/td>\n<td width=\"104\">Do 3o.06.17.<\/td>\n<td width=\"113\">Op\u0107inski grant<\/td>\n<td width=\"113\">Direktor \u0161kole<\/td>\n<\/tr>\n<\/tbody>\n<\/table>\n<p>&nbsp;<\/p>\n<p>&nbsp;<\/p>\n<p>&nbsp;<\/p>\n","protected":false},"excerpt":{"rendered":"<p>\u00a0 \u00a0 \u00a0 \u00a0 \u00a0 \u00a0 \u00a0 \u00a0 \u00a0 \u00a0 \u00a0 \u00a0 \u00a0 \u00a0 \u00a0 \u00a0 \u00a0 \u00a0 \u00a0 \u00a0 \u00a0 \u00a0 \u00a0 \u00a0 \u00a0 \u00a0 \u00a0 \u00a0 \u00a0 \u00a0 \u00a0 \u00a0 \u00a0 PLAN JAVNIH NABAVKI ZA 2017. GODINU \u00a0 \u00a0 \u00a0 \u00a0 \u00a0 \u00a0 \u00a0 \u00a0 \u00a0 \u00a0 \u00a0 \u00a0 \u00a0 \u00a0 \u00a0 \u00a0&#8230;<\/p>\n","protected":false},"author":1,"featured_media":0,"parent":0,"menu_order":0,"comment_status":"closed","ping_status":"closed","template":"","meta":{"footnotes":""},"class_list":["post-495","page","type-page","status-publish","hentry"],"_links":{"self":[{"href":"http:\/\/osramic.edu.ba\/index.php?rest_route=\/wp\/v2\/pages\/495","targetHints":{"allow":["GET"]}}],"collection":[{"href":"http:\/\/osramic.edu.ba\/index.php?rest_route=\/wp\/v2\/pages"}],"about":[{"href":"http:\/\/osramic.edu.ba\/index.php?rest_route=\/wp\/v2\/types\/page"}],"author":[{"embeddable":true,"href":"http:\/\/osramic.edu.ba\/index.php?rest_route=\/wp\/v2\/users\/1"}],"replies":[{"embeddable":true,"href":"http:\/\/osramic.edu.ba\/index.php?rest_route=%2Fwp%2Fv2%2Fcomments&post=495"}],"version-history":[{"count":2,"href":"http:\/\/osramic.edu.ba\/index.php?rest_route=\/wp\/v2\/pages\/495\/revisions"}],"predecessor-version":[{"id":5389,"href":"http:\/\/osramic.edu.ba\/index.php?rest_route=\/wp\/v2\/pages\/495\/revisions\/5389"}],"wp:attachment":[{"href":"http:\/\/osramic.edu.ba\/index.php?rest_route=%2Fwp%2Fv2%2Fmedia&parent=495"}],"curies":[{"name":"wp","href":"https:\/\/api.w.org\/{rel}","templated":true}]}}