{"id":8874,"date":"2026-03-10T17:03:55","date_gmt":"2026-03-10T16:03:55","guid":{"rendered":"http:\/\/osramic.edu.ba\/?page_id=8874"},"modified":"2026-03-10T17:03:55","modified_gmt":"2026-03-10T16:03:55","slug":"poslovnik-o-radu-strucnih-organa-ju-os-porodice-ef-ramic","status":"publish","type":"page","link":"http:\/\/osramic.edu.ba\/?page_id=8874","title":{"rendered":"POSLOVNIK O RADU STRU\u010cNIH ORGANA JU O\u0160 &#8220;Porodice ef. Rami\u0107&#8221;"},"content":{"rendered":"<a href=\"http:\/\/osramic.edu.ba\/wp-content\/uploads\/2026\/03\/Poslovnik-o-radu-strucnih-organa-decembar-2025.pdf\" class=\"pdfemb-viewer\" style=\"width:300px;height:700px;\" data-width=\"300\" data-height=\"700\" data-toolbar=\"top\" data-toolbar-fixed=\"on\">Poslovnik o radu stru\u010dnih organa decembar 2025<\/a>\n","protected":false},"excerpt":{"rendered":"","protected":false},"author":1,"featured_media":0,"parent":0,"menu_order":0,"comment_status":"closed","ping_status":"closed","template":"","meta":{"footnotes":""},"class_list":["post-8874","page","type-page","status-publish","hentry"],"_links":{"self":[{"href":"http:\/\/osramic.edu.ba\/index.php?rest_route=\/wp\/v2\/pages\/8874","targetHints":{"allow":["GET"]}}],"collection":[{"href":"http:\/\/osramic.edu.ba\/index.php?rest_route=\/wp\/v2\/pages"}],"about":[{"href":"http:\/\/osramic.edu.ba\/index.php?rest_route=\/wp\/v2\/types\/page"}],"author":[{"embeddable":true,"href":"http:\/\/osramic.edu.ba\/index.php?rest_route=\/wp\/v2\/users\/1"}],"replies":[{"embeddable":true,"href":"http:\/\/osramic.edu.ba\/index.php?rest_route=%2Fwp%2Fv2%2Fcomments&post=8874"}],"version-history":[{"count":1,"href":"http:\/\/osramic.edu.ba\/index.php?rest_route=\/wp\/v2\/pages\/8874\/revisions"}],"predecessor-version":[{"id":8876,"href":"http:\/\/osramic.edu.ba\/index.php?rest_route=\/wp\/v2\/pages\/8874\/revisions\/8876"}],"wp:attachment":[{"href":"http:\/\/osramic.edu.ba\/index.php?rest_route=%2Fwp%2Fv2%2Fmedia&parent=8874"}],"curies":[{"name":"wp","href":"https:\/\/api.w.org\/{rel}","templated":true}]}}